ite?
False
Let l = -1 + 3. Let w be (3 + 126 + -2)*(-20)/(-5). Suppose 2*s - w = -l*s. Is s a composite number?
False
Let b = -668 - -4705. Is b prime?
False
Let g be (2/(-5))/((-6)/1410). Let q be -36 - -1 - (0 - 20)/(-5). Let p = q + g. Is p a composite number?
True
Suppose 35*z = 41*z - 40926. Is z a composite number?
True
Is (-2 + 6)*224135/20 a prime number?
False
Is (20880/(-3))/(-5) - -7 a prime number?
True
Let d = 628 + 150. Is d a prime number?
False
Let p = 52 + -58. Suppose -2*h - 5*q = 34, 1 = -h + 3*q + 6. Is (h - p)*1*-89 a prime number?
True
Let r = 334 + -158. Let z be 330/4 + 1/2. Let c = r - z. Is c composite?
True
Let h(x) = 0*x**2 + 4 + x**2 + x + x + 3*x. Let z be h(-4). Suppose z = -4*f + 2530 - 958. Is f a composite number?
True
Let x(f) = 19*f**2 - 3*f + 6. Let m be x(3). Suppose -q - 5*r = 2*q - 514, -q + m = r. Is q prime?
True
Let c(o) be the second derivative of o**4/12 - 4*o**3/3 - 5*o**2/2 + 6*o. Let a be c(8). Let y = a - -90. Is y a prime number?
False
Let t(r) = 5*r**3 + 3*r + 23. Is t(7) a composite number?
False
Let h(f) = -f**3 - 2*f**2 - 5*f - 2. Let c(m) = 2*m - 2. Let y be c(-1). Let s be h(y). Let p = 87 - s. Is p a composite number?
False
Suppose -9*r = -2363 + 149. Suppose b - 41 - r = 0. Is b prime?
False
Let w(b) = 10*b - 9. Let h = -10 - -13. Let r(a) = -9*a + 9. Let i(n) = h*w(n) + 2*r(n). Is i(5) a composite number?
True
Let s = -20 - -12. Let m = s + 10. Suppose m*y = 2*o - 416, -2*y - 302 = -o - 89. Is o prime?
False
Let l = 86 + -81. Suppose -1110 = -l*q - 275. Is q prime?
True
Let w(o) = -3*o**2 + 34*o - 1. Let d be w(11). Let v(c) = 54*c + 13. Is v(d) prime?
False
Suppose 9384 = -5*i + 64399. Is i prime?
True
Let l be 0/(3/(-1) - 0). Suppose l = -0*b + b - 59. Let i = b - -18. Is i composite?
True
Is 1*-2*1860145/(-70) a prime number?
True
Suppose -2*d - 91 - 53 = 4*x, 2*x = -5*d - 376. Let q = -43 - d. Is q a composite number?
True
Suppose 4*b + 2*r + 3*r = -4, -5*b = -2*r + 5. Is 1587*(b - (-4)/3) a composite number?
True
Let r = 9 - 6. Suppose -1186 = -3*h + c, -h + 6*h = -r*c + 1972. Is h prime?
False
Let z = -11 - -27. Suppose -z*t + 1413 = -13*t. Is t composite?
True
Let w(n) = 7*n**3 - 3*n**2 + 7*n - 24. Is w(3) a prime number?
False
Let q(z) = -z**3 + 24*z**2 - z + 30. Let g be q(24). Suppose -j + 5*s = -45, -4*j - 3*s = -2*s - 285. Is ((-849)/g)/((-5)/j) a composite number?
True
Let z = -43032 + 63222. Is z/(-45)*(-3)/2 a prime number?
True
Let n = 88 + -72. Suppose -5*g = -12*x + n*x - 5289, 5*x + 5325 = 5*g. Is g prime?
True
Let r = 33342 - 9061. Is r prime?
True
Let f(p) = p**3 + 17*p**2 - 8*p - 5. Let k be f(-9). Let v = 1854 - k. Is v a prime number?
False
Let n(l) = 3*l**3 - 2*l**2 + 2*l - 2. Let m be n(3). Suppose -4*c + 3*c = -m. Let p = 146 - c. Is p composite?
False
Let u be (8/(-10))/((-9)/(-45)). Let n(g) = -8*g**3 + 5*g**2 + g + 2. Let x be n(u). Suppose q + q = x. Is q a composite number?
True
Let p be (-3)/(-5) - (-1785)/25. Let i = 911 - p. Is i prime?
True
Is (11902/(-5))/(-7 - 231/(-35)) prime?
False
Is (-8223)/(-2) - (-38)/(-76) prime?
True
Suppose 22*f - 131676 = 24*f. Is ((-10)/15)/(4/f) a composite number?
False
Suppose -7*x = 4*f - 2*x - 83523, 0 = -2*f + 3*x + 41789. Is f composite?
False
Is 21133 - 3*(-4)/3 a prime number?
False
Let j = -43352 - -73681. Is j composite?
True
Let z be (-3 - -9)/((-3)/15). Let m = z + 33. Is ((-214)/4)/(m/(-18)) a composite number?
True
Suppose -4*a + 9565 = -9*a. Let r be -8*17/2 + 2. Let p = r - a. Is p a composite number?
False
Let s be (-1782)/(-15)*(-2 + 17)*-1. Let a = -1081 - s. Is a a composite number?
False
Suppose 7282 = 1603*v - 1601*v. Is v composite?
True
Let n = -4 - -4. Let h be (-3)/(n - 3) - -4298. Suppose -5*c = -4*f + 2317, -5*f + 4*c + h = 1414. Is f a composite number?
True
Let f(i) = -i**3 + i**2 + 24. Let l be f(0). Let j be l/108 + (-14972)/(-18). Suppose 6*b + 250 - j = 0. Is b composite?
False
Let k(w) be the second derivative of 3*w**3/2 + 7*w**2 + 14*w. Is k(9) composite?
True
Let x(k) = 4*k + 14. Let g be x(-3). Is (-3065)/(-10) - (-1)/g prime?
True
Let z = 70003 + -49724. Is z composite?
True
Suppose 2*k + 5*u + 6 = 0, -u + 4*u = -3*k. Suppose -y - k*w = -2*y + 749, -w + 2275 = 3*y. Is y a prime number?
True
Suppose -78206 = -4*c - 2*i, 0*c + 4*i = -3*c + 58647. Is c a composite number?
False
Let i = -6 - -9. Suppose i*n - 2321 = -563. Suppose t = -t + n. Is t a prime number?
True
Let j = 3542 + 2979. Is j prime?
True
Let u = -8885 + 16122. Is u composite?
False
Suppose 0 = 4*x - 39 - 25. Let q = x + 721. Is q a prime number?
False
Let g = 3934 + -1967. Is g a composite number?
True
Is 69*8/48*202 a composite number?
True
Let p(b) = 1. Let y(t) = -6*t - 15. Let i(a) = -2*p(a) + y(a). Let q be i(13). Let n = q - -162. Is n a prime number?
True
Let c(b) be the second derivative of b**5/20 - b**4/12 + b**3/6 + 33*b**2 + 3*b. Let u be c(0). Let x = u - -583. Is x a prime number?
False
Let f = -26 - -30. Is (-794 - -5)*((-7 - -2) + f) composite?
True
Let i(a) = 478*a - 29. Let b(h) = -2*h - 16. Let q be b(-10). Is i(q) composite?
True
Let x(r) = -2*r + 3 + 5*r + 9 - 2*r. Let m be (0 - 15/(-12))*-8. Is x(m) composite?
False
Suppose 3*w + 5*i - 67397 = 14852, 0 = 4*w - i - 109673. Is w prime?
False
Let i(b) = -32*b - 11*b + 3 - 22*b. Let n(m) = m**3 - 15*m**2 - m + 11. Let r be n(15). Is i(r) a composite number?
False
Is ((-16)/(-12))/2 + 991529/33 a composite number?
False
Let f = 771 - 546. Let c = f - 112. Is c composite?
False
Let u(d) = 5*d**2 - d - 4. Let g be u(-4). Let s = g + -21. Is s composite?
False
Let y(w) = 396*w**2 - 3*w - 2. Let t be (-2)/(1/1) - -1. Is y(t) a prime number?
True
Let x(z) = 48*z**3 - 2*z**2 + z - 2. Let c be x(2). Let q = c - 187. Suppose 3*h = q + 78. Is h prime?
True
Let m(z) = -50*z - 2 - 199*z - 84*z. Is m(-1) prime?
True
Let y be -3 - ((-12)/(-54) - (-1356)/(-27)). Let j = y - 16. Is j composite?
False
Let s(a) = 82*a**2 - 1. Let k be s(-1). Suppose -k = f + 87. Let y = -49 - f. Is y a composite number?
True
Let r(g) = -48*g + 13 + 13*g - 37 + 12. Is r(-5) prime?
True
Suppose 1 + 14 = 3*l. Let g be l/(-15) - (-4102)/3. Let m = -918 + g. Is m a composite number?
False
Let k = 29 - 23. Let p be (k + -5)*4/2. Suppose 6*t - 1228 = p*t. Is t a prime number?
True
Let h(g) = 970*g**2 + 4*g + 129. Is h(11) a prime number?
False
Suppose 0 = 5*u - 2*x - 117 - 889, -2*u = -5*x - 394. Suppose 3*j = b + u, -4*j + 165 = b - 109. Let t = 239 + j. Is t prime?
True
Is (-7 - (-10 - -2))*14695 a prime number?
False
Let k(n) = 189*n**2 - 44*n - 245. Is k(-6) composite?
False
Let a be (-3 - (0 - 7)) + 1. Suppose -3*z + a*z = -8, -5*s - 2*z = -27. Suppose 2*k + 1 + s = 0, 5*k - 1495 = -5*w. Is w composite?
True
Let v = -27682 + 55125. Is v prime?
False
Let q be (-7)/((-105)/10) - 2557/(-3). Suppose 3*j = 620 + q. Is j composite?
False
Let i(r) = 1264*r + 85. Is i(6) a prime number?
True
Let t(y) = y**2 - 6*y - 2. Let z be t(6). Let v be -4 + 2 - (-3 + z). Suppose -5*h + 629 = -v*b, 5*b + 39 + 586 = 5*h. Is h prime?
True
Let w = 29 + -19. Suppose 2*u - w = 0, 4*h + 542 = 5*u + 121. Let a = -62 - h. Is a a composite number?
False
Suppose -3 + 23 = 10*x. Suppose 4*m = x*b + 3624, 0*m - 3638 = -4*m - 5*b. Is m prime?
True
Suppose -3*s - 351 - 672 = 0. Let f = 72 - s. Is f a prime number?
False
Is (-2)/7 - ((-213624)/42 + -9) composite?
True
Let r(c) = c + 1. Let t(s) = 3*s**2 - 23*s - 22. Let x(d) = 3*r(d) + t(d). Is x(-10) a composite number?
True
Let a(g) = 65*g + 11. Let i(u) = -64*u - 10. Let j(o) = -3*a(o) - 4*i(o). Is j(4) a prime number?
True
Suppose 0 = 4*r - 21790 - 7574. Is r prime?
False
Suppose 0 = -4*d - 5*s + 61, -d + s = -0*s - 13. Suppose 4*i - 202 = -d. Is i composite?
False
Let a = 3 + 3. Let l = a - 6. Suppose -4*h + 2*h + 106 = l. Is h a prime number?
True
Let z(x) = -11*x**3 + 17*x**2 - 5*x + 7. Let m(f) = -6*f**3 + 9*f**2 - 2*f + 4. Let b(j) = 5*m(j) - 3*z(j). Let o be 2/(2/4 + 0). Is b(o) composite?
True
Let u be (0 - 27/3) + -1. Let l be 755/u + (-2)/(-4). Let c = -17 - l. Is c a composite number?
True
Let f(d) be the third derivative of 2*d**2 + 1/5*d**5 + 0*d - 1/120*d**6 + 3/4*d**4 + 0 - d**3. Is f(13) a composite number?
False
Let z(g) = -g**2 + 10*g - 8. Let m